{"id":60,"date":"2025-05-04T21:22:34","date_gmt":"2025-05-04T19:22:34","guid":{"rendered":"https:\/\/slategray-stork-623967.hostingersite.com\/?page_id=60"},"modified":"2025-09-03T08:06:20","modified_gmt":"2025-09-03T06:06:20","slug":"collection-privee","status":"publish","type":"page","link":"https:\/\/galeriepromitto.com\/index.php\/collection-privee\/","title":{"rendered":"Collection priv\u00e9e"},"content":{"rendered":"<h1>Collection priv\u00e9e<\/h1>\n<div>\n<p style=\"text-align: center;\">En <strong>2021<\/strong> avec la participation de <strong>Genevi\u00e8ve Gallot, directrice de l\u2019ENSAD<\/strong> (\u00c9cole Nationale Sup\u00e9rieure des Arts D\u00e9coratifs), la galerie r\u00e9unit les designers <strong>Marie-Sarah Adenis, Quentin Germain, Laurent Godart, Jean-S\u00e9bastien Lagrange, Sophie Larger, Maximum, Rapha\u00ebl M\u00e9nard, Philippe Rahm, Brook Sigal et Lucile Viaud,<\/strong> sur le th\u00e8me de la <strong>r\u00e9conciliation de l\u2019homme et de la nature.<\/strong><\/p>\n<p style=\"text-align: center;\">\n<\/div>\n<blockquote>\n<p style=\"text-align: center;\">\u00ab Dans une joyeuse libert\u00e9, tous ouvrent la voie d\u2019un monde nouveau, respectueux de la Plan\u00e8te, et invitent \u00e0 des liens renouvel\u00e9s entre l\u2019homme et son environnement. Leurs cr\u00e9ations -table, chaise, luminaire, objet en c\u00e9ramique ou en verre marin\u2026- montrent comment r\u00e9inventer nos modes de vie, comment r\u00e9enchanter notre quotidien gr\u00e2ce \u00e0 l\u2019intelligence, la po\u00e9sie et la beaut\u00e9. Chaque designer d\u00e9veloppe sa propre partition tout en contribuant au dessein de tous, celui de la r\u00e9volution du futur\u2026 \u00bb Genevi\u00e8ve Gallot\u00a0<\/p>\n<\/blockquote>\n<p><!--more--><br \/>\n<!-- {\"type\":\"layout\",\"children\":[{\"type\":\"section\",\"props\":{\"image_position\":\"center-center\",\"style\":\"primary\",\"title_breakpoint\":\"xl\",\"title_position\":\"top-left\",\"title_rotation\":\"left\",\"vertical_align\":\"middle\",\"width\":\"default\"},\"children\":[{\"type\":\"row\",\"children\":[{\"type\":\"column\",\"props\":{\"image_position\":\"center-center\",\"position_sticky_breakpoint\":\"m\"},\"children\":[{\"type\":\"headline\",\"props\":{\"content\":\"Collection priv\\u00e9e\",\"text_align\":\"center\",\"title_color\":\"muted\",\"title_element\":\"h1\",\"title_style\":\"heading-small\"}},{\"type\":\"text\",\"props\":{\"column_breakpoint\":\"m\",\"content\":\"\n\n<p><\\\/p>\\n\n\n<p style=\\\"text-align: center;\\\">En <strong>2021<\\\/strong> avec la participation de <strong>Genevi\\u00e8ve Gallot, directrice de l\\u2019ENSAD<\\\/strong> (\\u00c9cole Nationale Sup\\u00e9rieure des Arts D\\u00e9coratifs), la galerie r\\u00e9unit les designers <strong>Marie-Sarah Adenis, Quentin Germain, Laurent Godart, Jean-S\\u00e9bastien Lagrange, Sophie Larger, Maximum, Rapha\\u00ebl M\\u00e9nard, Philippe Rahm, Brook Sigal et Lucile Viaud,<\\\/strong> sur le th\\u00e8me de la <strong>r\\u00e9conciliation de l\\u2019homme et de la nature.<\\\/strong><\\\/p>\\n\n\n<p style=\\\"text-align: center;\\\"><\\\/p>\",\"margin\":\"default\"}},{\"type\":\"quotation\",\"props\":{\"content\":\"\n\n<p style=\\\"text-align: center;\\\">\\u00ab Dans une joyeuse libert\\u00e9, tous ouvrent la voie d\\u2019un monde nouveau, respectueux de la Plan\\u00e8te, et invitent \\u00e0 des liens renouvel\\u00e9s entre l\\u2019homme et son environnement. Leurs cr\\u00e9ations -table, chaise, luminaire, objet en c\\u00e9ramique ou en verre marin\\u2026- montrent comment r\\u00e9inventer nos modes de vie, comment r\\u00e9enchanter notre quotidien gr\\u00e2ce \\u00e0 l\\u2019intelligence, la po\\u00e9sie et la beaut\\u00e9. Chaque designer d\\u00e9veloppe sa propre partition tout en contribuant au dessein de tous, celui de la r\\u00e9volution du futur\\u2026 \\u00bb Genevi\\u00e8ve Gallot\\u00a0<\\\/p>\"}}]}]}]},{\"type\":\"section\",\"props\":{\"image_position\":\"center-center\",\"style\":\"primary\",\"title_breakpoint\":\"xl\",\"title_position\":\"top-left\",\"title_rotation\":\"left\",\"vertical_align\":\"middle\",\"width\":\"default\"},\"children\":[{\"type\":\"row\",\"children\":[{\"type\":\"column\",\"props\":{\"image_position\":\"center-center\",\"position_sticky_breakpoint\":\"m\"}}]}]}],\"version\":\"4.5.20\"} --><\/p>\n","protected":false},"excerpt":{"rendered":"<p>Collection priv\u00e9e En 2021 avec la participation de Genevi\u00e8ve Gallot, directrice de l\u2019ENSAD (\u00c9cole Nationale Sup\u00e9rieure des Arts D\u00e9coratifs), la galerie r\u00e9unit les designers Marie-Sarah Adenis, Quentin Germain, Laurent Godart, Jean-S\u00e9bastien Lagrange, Sophie Larger, Maximum, Rapha\u00ebl M\u00e9nard, Philippe Rahm, Brook Sigal et Lucile Viaud, sur le th\u00e8me de la r\u00e9conciliation de l\u2019homme et de la [&hellip;]<\/p>\n","protected":false},"author":1,"featured_media":0,"parent":0,"menu_order":0,"comment_status":"closed","ping_status":"closed","template":"","meta":{"footnotes":""},"class_list":["post-60","page","type-page","status-publish","hentry"],"aioseo_notices":[],"_links":{"self":[{"href":"https:\/\/galeriepromitto.com\/index.php\/wp-json\/wp\/v2\/pages\/60","targetHints":{"allow":["GET"]}}],"collection":[{"href":"https:\/\/galeriepromitto.com\/index.php\/wp-json\/wp\/v2\/pages"}],"about":[{"href":"https:\/\/galeriepromitto.com\/index.php\/wp-json\/wp\/v2\/types\/page"}],"author":[{"embeddable":true,"href":"https:\/\/galeriepromitto.com\/index.php\/wp-json\/wp\/v2\/users\/1"}],"replies":[{"embeddable":true,"href":"https:\/\/galeriepromitto.com\/index.php\/wp-json\/wp\/v2\/comments?post=60"}],"version-history":[{"count":14,"href":"https:\/\/galeriepromitto.com\/index.php\/wp-json\/wp\/v2\/pages\/60\/revisions"}],"predecessor-version":[{"id":594,"href":"https:\/\/galeriepromitto.com\/index.php\/wp-json\/wp\/v2\/pages\/60\/revisions\/594"}],"wp:attachment":[{"href":"https:\/\/galeriepromitto.com\/index.php\/wp-json\/wp\/v2\/media?parent=60"}],"curies":[{"name":"wp","href":"https:\/\/api.w.org\/{rel}","templated":true}]}}