{"id":321,"date":"2025-06-11T12:10:50","date_gmt":"2025-06-11T10:10:50","guid":{"rendered":"https:\/\/slategray-stork-623967.hostingersite.com\/?page_id=321"},"modified":"2025-06-13T18:04:00","modified_gmt":"2025-06-13T16:04:00","slug":"mentions-legales","status":"publish","type":"page","link":"https:\/\/galeriepromitto.com\/index.php\/mentions-legales\/","title":{"rendered":"Mentions l\u00e9gales"},"content":{"rendered":"<h1>Mentions l\u00e9gales<\/h1>\n<div>\n<p data-start=\"232\" data-end=\"470\"><strong data-start=\"232\" data-end=\"251\">\u00c9diteur du site<\/strong><br data-start=\"251\" data-end=\"254\" \/>Nom : Val\u00e9rie Gu\u00e9rin<br \/>Adresse : 32 rue de Bourgogne 75007 Paris<br data-start=\"342\" data-end=\"345\" \/>T\u00e9l\u00e9phone : 06 03 66 21 45<br data-start=\"378\" data-end=\"381\" \/>E-mail : galeriepromitto@galeriepromitto.com<br data-start=\"417\" data-end=\"420\" \/>SIRET : <span>452 079 197 00011<\/span><\/p>\n<p data-start=\"477\" data-end=\"539\"><strong data-start=\"477\" data-end=\"508\">Directeur de la publication<\/strong><br data-start=\"508\" data-end=\"511\" \/>Val\u00e9rie Gu\u00e9rin<\/p>\n<p data-start=\"546\" data-end=\"771\"><strong data-start=\"546\" data-end=\"561\">H\u00e9bergement<\/strong><br data-start=\"561\" data-end=\"564\" \/>Le site galeriepromitto.com est h\u00e9berg\u00e9 par :<br data-start=\"604\" data-end=\"607\" \/><strong data-start=\"194\" data-end=\"226\">Hostinger International Ltd.<\/strong><br data-start=\"226\" data-end=\"229\" \/><span>61 Lordou Vironos Street,<\/span><br data-start=\"254\" data-end=\"257\" \/><span>Flat\/Office 21,<\/span><br data-start=\"272\" data-end=\"275\" data-is-only-node=\"\" \/><span>Limassol, 6023,<\/span><br data-start=\"290\" data-end=\"293\" \/><span>Chypre<\/span><br data-start=\"299\" data-end=\"302\" \/><span>Site web : <\/span><a data-start=\"313\" data-end=\"367\" class=\"\" rel=\"noopener\" target=\"_new\" href=\"https:\/\/www.hostinger.com\/\">https:\/\/www.hostinger.com<\/a><br data-start=\"367\" data-end=\"370\" \/><span>Support : <\/span><a data-start=\"380\" data-end=\"450\" rel=\"noopener\" target=\"_new\" class=\"cursor-pointer\">https:\/\/www.hostinger.com\/contact<\/a><\/p>\n<p data-start=\"778\" data-end=\"1335\"><strong data-start=\"778\" data-end=\"806\">Propri\u00e9t\u00e9 intellectuelle<\/strong><br data-start=\"806\" data-end=\"809\" \/>Tous les contenus pr\u00e9sents sur ce site (textes, images, illustrations, vid\u00e9os, logos, graphismes, etc.) sont prot\u00e9g\u00e9s par la l\u00e9gislation fran\u00e7aise et internationale relative au droit d\u2019auteur et \u00e0 la propri\u00e9t\u00e9 intellectuelle.<br data-start=\"1034\" data-end=\"1037\" \/>Ces contenus sont la propri\u00e9t\u00e9 exclusive de Val\u00e9rie Gu\u00e9rin, sauf mention contraire. Toute reproduction, repr\u00e9sentation, modification, publication, adaptation, totale ou partielle de ces \u00e9l\u00e9ments, par quelque proc\u00e9d\u00e9 que ce soit, est interdite sans autorisation \u00e9crite pr\u00e9alable.<\/p>\n<p data-start=\"1342\" data-end=\"1786\"><strong data-start=\"1342\" data-end=\"1360\">Responsabilit\u00e9<\/strong><br data-start=\"1360\" data-end=\"1363\" \/>Val\u00e9rie Gu\u00e9rin met tout en \u0153uvre pour assurer l\u2019exactitude et la mise \u00e0 jour des informations diffus\u00e9es sur ce site. Toutefois, Val\u00e9rie Gu\u00e9rin ne saurait \u00eatre tenue responsable des omissions, inexactitudes ou erreurs pr\u00e9sentes sur le site, ni des cons\u00e9quences de leur utilisation.<br data-start=\"1672\" data-end=\"1675\" \/>L\u2019acc\u00e8s au site peut \u00eatre interrompu temporairement sans pr\u00e9avis pour des raisons de maintenance ou techniques.<\/p>\n<p data-start=\"1793\" data-end=\"2164\"><strong data-start=\"1793\" data-end=\"1817\">Donn\u00e9es personnelles<\/strong><br data-start=\"1817\" data-end=\"1820\" \/>Ce site ne collecte aucune donn\u00e9e personnelle via ses pages (pas de formulaire, pas de newsletter). Aucun cookie \u00e0 caract\u00e8re personnel n\u2019est utilis\u00e9, hormis les cookies strictement n\u00e9cessaires au fonctionnement technique du site.<br data-start=\"2049\" data-end=\"2052\" \/>Pour toute question relative \u00e0 la protection des donn\u00e9es personnelles, vous pouvez contacter : galeriepromitto@galeriepromitto.com.<\/p>\n<p data-start=\"2171\" data-end=\"2397\"><strong data-start=\"2171\" data-end=\"2182\">Cookies<\/strong><br data-start=\"2182\" data-end=\"2185\" \/>Le site utilise uniquement des cookies techniques n\u00e9cessaires \u00e0 son fonctionnement (par exemple pour la gestion de session). Aucun cookie de tra\u00e7age ou analytique n\u2019est install\u00e9 sans votre consentement pr\u00e9alable.<\/p>\n<p data-start=\"2404\" data-end=\"2613\"><strong data-start=\"2404\" data-end=\"2422\">Liens externes<\/strong><br data-start=\"2422\" data-end=\"2425\" \/>Le site peut contenir des liens vers d\u2019autres sites externes. Val\u00e9rie Gu\u00e9rin n\u2019exerce aucun contr\u00f4le sur ces sites et d\u00e9cline toute responsabilit\u00e9 quant \u00e0 leur contenu.<\/p>\n<p data-start=\"2620\" data-end=\"2778\"><strong data-start=\"2620\" data-end=\"2664\">Loi applicable et juridiction comp\u00e9tente<\/strong><br data-start=\"2664\" data-end=\"2667\" \/>Le pr\u00e9sent site est soumis au droit fran\u00e7ais. En cas de litige, les tribunaux fran\u00e7ais seront seuls comp\u00e9tents.<\/p>\n<p data-start=\"2785\" data-end=\"2901\"><strong data-start=\"2785\" data-end=\"2796\">Contact<\/strong><br data-start=\"2796\" data-end=\"2799\" \/>Pour toute question concernant ces mentions l\u00e9gales, vous pouvez nous contacter \u00e0 :<br data-start=\"2882\" data-end=\"2885\" \/>galeriepromitto@galeriepromitto.com<\/p>\n<\/div>\n<div>\n<p><strong>Cr\u00e9dits :<\/strong><\/p>\n<ul>\n<li><strong>Mario Simon Lafleur<\/strong><br \/>Photographe<br \/>mariosimonlafleur.fr<\/li>\n<li><strong>Marc Held<\/strong><br \/>Designer<\/li>\n<\/ul>\n<\/div>\n<p><!--more--><br \/>\n<!-- {\"type\":\"layout\",\"children\":[{\"type\":\"section\",\"props\":{\"image_position\":\"center-center\",\"style\":\"default\",\"title_breakpoint\":\"xl\",\"title_position\":\"top-left\",\"title_rotation\":\"left\",\"vertical_align\":\"middle\",\"width\":\"default\"},\"children\":[{\"type\":\"row\",\"children\":[{\"type\":\"column\",\"props\":{\"image_position\":\"center-center\",\"position_sticky_breakpoint\":\"m\"},\"children\":[{\"type\":\"headline\",\"props\":{\"content\":\"Mentions l\\u00e9gales\",\"title_element\":\"h1\"}},{\"type\":\"text\",\"props\":{\"column_breakpoint\":\"m\",\"content\":\"\n\n<p data-start=\\\"232\\\" data-end=\\\"470\\\"><strong data-start=\\\"232\\\" data-end=\\\"251\\\">\\u00c9diteur du site<\\\/strong><br data-start=\\\"251\\\" data-end=\\\"254\\\" \\\/>Nom : Val\\u00e9rie Gu\\u00e9rin<br \\\/>Adresse : 32 rue de Bourgogne 75007 Paris<br data-start=\\\"342\\\" data-end=\\\"345\\\" \\\/>T\\u00e9l\\u00e9phone : 06 03 66 21 45<br data-start=\\\"378\\\" data-end=\\\"381\\\" \\\/>E-mail : galeriepromitto@galeriepromitto.com<br data-start=\\\"417\\\" data-end=\\\"420\\\" \\\/>SIRET : <span>452 079 197 00011<\\\/span><\\\/p>\\n\n\n<p data-start=\\\"477\\\" data-end=\\\"539\\\"><strong data-start=\\\"477\\\" data-end=\\\"508\\\">Directeur de la publication<\\\/strong><br data-start=\\\"508\\\" data-end=\\\"511\\\" \\\/>Val\\u00e9rie Gu\\u00e9rin<\\\/p>\\n\n\n<p data-start=\\\"546\\\" data-end=\\\"771\\\"><strong data-start=\\\"546\\\" data-end=\\\"561\\\">H\\u00e9bergement<\\\/strong><br data-start=\\\"561\\\" data-end=\\\"564\\\" \\\/>Le site galeriepromitto.com est h\\u00e9berg\\u00e9 par :<br data-start=\\\"604\\\" data-end=\\\"607\\\" \\\/><strong data-start=\\\"194\\\" data-end=\\\"226\\\">Hostinger International Ltd.<\\\/strong><br data-start=\\\"226\\\" data-end=\\\"229\\\" \\\/><span>61 Lordou Vironos Street,<\\\/span><br data-start=\\\"254\\\" data-end=\\\"257\\\" \\\/><span>Flat\\\/Office 21,<\\\/span><br data-start=\\\"272\\\" data-end=\\\"275\\\" data-is-only-node=\\\"\\\" \\\/><span>Limassol, 6023,<\\\/span><br data-start=\\\"290\\\" data-end=\\\"293\\\" \\\/><span>Chypre<\\\/span><br data-start=\\\"299\\\" data-end=\\\"302\\\" \\\/><span>Site web : <\\\/span><a data-start=\\\"313\\\" data-end=\\\"367\\\" class=\\\"\\\" rel=\\\"noopener\\\" target=\\\"_new\\\" href=\\\"https:\\\/\\\/www.hostinger.com\\\/\\\">https:\\\/\\\/www.hostinger.com<\\\/a><br data-start=\\\"367\\\" data-end=\\\"370\\\" \\\/><span>Support : <\\\/span><a data-start=\\\"380\\\" data-end=\\\"450\\\" rel=\\\"noopener\\\" target=\\\"_new\\\" class=\\\"cursor-pointer\\\">https:\\\/\\\/www.hostinger.com\\\/contact<\\\/a><\\\/p>\\n\n\n<p data-start=\\\"778\\\" data-end=\\\"1335\\\"><strong data-start=\\\"778\\\" data-end=\\\"806\\\">Propri\\u00e9t\\u00e9 intellectuelle<\\\/strong><br data-start=\\\"806\\\" data-end=\\\"809\\\" \\\/>Tous les contenus pr\\u00e9sents sur ce site (textes, images, illustrations, vid\\u00e9os, logos, graphismes, etc.) sont prot\\u00e9g\\u00e9s par la l\\u00e9gislation fran\\u00e7aise et internationale relative au droit d\\u2019auteur et \\u00e0 la propri\\u00e9t\\u00e9 intellectuelle.<br data-start=\\\"1034\\\" data-end=\\\"1037\\\" \\\/>Ces contenus sont la propri\\u00e9t\\u00e9 exclusive de Val\\u00e9rie Gu\\u00e9rin, sauf mention contraire. Toute reproduction, repr\\u00e9sentation, modification, publication, adaptation, totale ou partielle de ces \\u00e9l\\u00e9ments, par quelque proc\\u00e9d\\u00e9 que ce soit, est interdite sans autorisation \\u00e9crite pr\\u00e9alable.<\\\/p>\\n\n\n<p data-start=\\\"1342\\\" data-end=\\\"1786\\\"><strong data-start=\\\"1342\\\" data-end=\\\"1360\\\">Responsabilit\\u00e9<\\\/strong><br data-start=\\\"1360\\\" data-end=\\\"1363\\\" \\\/>Val\\u00e9rie Gu\\u00e9rin met tout en \\u0153uvre pour assurer l\\u2019exactitude et la mise \\u00e0 jour des informations diffus\\u00e9es sur ce site. Toutefois, Val\\u00e9rie Gu\\u00e9rin ne saurait \\u00eatre tenue responsable des omissions, inexactitudes ou erreurs pr\\u00e9sentes sur le site, ni des cons\\u00e9quences de leur utilisation.<br data-start=\\\"1672\\\" data-end=\\\"1675\\\" \\\/>L\\u2019acc\\u00e8s au site peut \\u00eatre interrompu temporairement sans pr\\u00e9avis pour des raisons de maintenance ou techniques.<\\\/p>\\n\n\n<p data-start=\\\"1793\\\" data-end=\\\"2164\\\"><strong data-start=\\\"1793\\\" data-end=\\\"1817\\\">Donn\\u00e9es personnelles<\\\/strong><br data-start=\\\"1817\\\" data-end=\\\"1820\\\" \\\/>Ce site ne collecte aucune donn\\u00e9e personnelle via ses pages (pas de formulaire, pas de newsletter). Aucun cookie \\u00e0 caract\\u00e8re personnel n\\u2019est utilis\\u00e9, hormis les cookies strictement n\\u00e9cessaires au fonctionnement technique du site.<br data-start=\\\"2049\\\" data-end=\\\"2052\\\" \\\/>Pour toute question relative \\u00e0 la protection des donn\\u00e9es personnelles, vous pouvez contacter : galeriepromitto@galeriepromitto.com.<\\\/p>\\n\n\n<p data-start=\\\"2171\\\" data-end=\\\"2397\\\"><strong data-start=\\\"2171\\\" data-end=\\\"2182\\\">Cookies<\\\/strong><br data-start=\\\"2182\\\" data-end=\\\"2185\\\" \\\/>Le site utilise uniquement des cookies techniques n\\u00e9cessaires \\u00e0 son fonctionnement (par exemple pour la gestion de session). Aucun cookie de tra\\u00e7age ou analytique n\\u2019est install\\u00e9 sans votre consentement pr\\u00e9alable.<\\\/p>\\n\n\n<p data-start=\\\"2404\\\" data-end=\\\"2613\\\"><strong data-start=\\\"2404\\\" data-end=\\\"2422\\\">Liens externes<\\\/strong><br data-start=\\\"2422\\\" data-end=\\\"2425\\\" \\\/>Le site peut contenir des liens vers d\\u2019autres sites externes. Val\\u00e9rie Gu\\u00e9rin n\\u2019exerce aucun contr\\u00f4le sur ces sites et d\\u00e9cline toute responsabilit\\u00e9 quant \\u00e0 leur contenu.<\\\/p>\\n\n\n<p data-start=\\\"2620\\\" data-end=\\\"2778\\\"><strong data-start=\\\"2620\\\" data-end=\\\"2664\\\">Loi applicable et juridiction comp\\u00e9tente<\\\/strong><br data-start=\\\"2664\\\" data-end=\\\"2667\\\" \\\/>Le pr\\u00e9sent site est soumis au droit fran\\u00e7ais. En cas de litige, les tribunaux fran\\u00e7ais seront seuls comp\\u00e9tents.<\\\/p>\\n\n\n<p data-start=\\\"2785\\\" data-end=\\\"2901\\\"><strong data-start=\\\"2785\\\" data-end=\\\"2796\\\">Contact<\\\/strong><br data-start=\\\"2796\\\" data-end=\\\"2799\\\" \\\/>Pour toute question concernant ces mentions l\\u00e9gales, vous pouvez nous contacter \\u00e0 :<br data-start=\\\"2882\\\" data-end=\\\"2885\\\" \\\/>galeriepromitto@galeriepromitto.com<\\\/p>\",\"margin\":\"default\"}},{\"type\":\"text\",\"props\":{\"column_breakpoint\":\"m\",\"content\":\"\n\n<p><\\\/p>\\n\n\n<p><strong>Cr\\u00e9dits :<\\\/strong><\\\/p>\\n\n\n<ul>\\n\n\n<li><strong>Mario Simon Lafleur<\\\/strong><br \\\/>Photographe<br \\\/>mariosimonlafleur.fr<\\\/li>\\n\n\n<li><strong>Marc Held<\\\/strong><br \\\/>Designer<\\\/li>\\n<\\\/ul>\",\"margin\":\"default\"}}]}]}]}],\"version\":\"4.5.15\"} --><\/p>\n","protected":false},"excerpt":{"rendered":"<p>Mentions l\u00e9gales \u00c9diteur du siteNom : Val\u00e9rie Gu\u00e9rinAdresse : 32 rue de Bourgogne 75007 ParisT\u00e9l\u00e9phone : 06 03 66 21 45E-mail : galeriepromitto@galeriepromitto.comSIRET : 452 079 197 00011 Directeur de la publicationVal\u00e9rie Gu\u00e9rin H\u00e9bergementLe site galeriepromitto.com est h\u00e9berg\u00e9 par :Hostinger International Ltd.61 Lordou Vironos Street,Flat\/Office 21,Limassol, 6023,ChypreSite web : https:\/\/www.hostinger.comSupport : https:\/\/www.hostinger.com\/contact Propri\u00e9t\u00e9 intellectuelleTous les [&hellip;]<\/p>\n","protected":false},"author":1,"featured_media":0,"parent":0,"menu_order":0,"comment_status":"closed","ping_status":"closed","template":"","meta":{"footnotes":""},"class_list":["post-321","page","type-page","status-publish","hentry"],"aioseo_notices":[],"_links":{"self":[{"href":"https:\/\/galeriepromitto.com\/index.php\/wp-json\/wp\/v2\/pages\/321","targetHints":{"allow":["GET"]}}],"collection":[{"href":"https:\/\/galeriepromitto.com\/index.php\/wp-json\/wp\/v2\/pages"}],"about":[{"href":"https:\/\/galeriepromitto.com\/index.php\/wp-json\/wp\/v2\/types\/page"}],"author":[{"embeddable":true,"href":"https:\/\/galeriepromitto.com\/index.php\/wp-json\/wp\/v2\/users\/1"}],"replies":[{"embeddable":true,"href":"https:\/\/galeriepromitto.com\/index.php\/wp-json\/wp\/v2\/comments?post=321"}],"version-history":[{"count":8,"href":"https:\/\/galeriepromitto.com\/index.php\/wp-json\/wp\/v2\/pages\/321\/revisions"}],"predecessor-version":[{"id":402,"href":"https:\/\/galeriepromitto.com\/index.php\/wp-json\/wp\/v2\/pages\/321\/revisions\/402"}],"wp:attachment":[{"href":"https:\/\/galeriepromitto.com\/index.php\/wp-json\/wp\/v2\/media?parent=321"}],"curies":[{"name":"wp","href":"https:\/\/api.w.org\/{rel}","templated":true}]}}