{"id":2,"date":"2021-06-21T15:54:54","date_gmt":"2021-06-21T13:54:54","guid":{"rendered":"https:\/\/slategray-stork-623967.hostingersite.com\/?page_id=2"},"modified":"2025-09-03T08:00:17","modified_gmt":"2025-09-03T06:00:17","slug":"page-d-exemple","status":"publish","type":"page","link":"https:\/\/galeriepromitto.com\/","title":{"rendered":"Accueil"},"content":{"rendered":"<div>Design de collection\u00a0<\/p>\n<p>LE PETIT CULBUTO et<br \/>L&rsquo;OTTOMAN CULBUTO<br \/>de Marc Held<\/div>\n<p><p>\n        <a href=\"\/index.php\/pieces-uniques\/\">En savoir plus<\/a>\n    <\/p>\n<\/p>\n<p><img decoding=\"async\" src=\"\/wp-content\/uploads\/2025\/06\/270625culbutoaccueil.png\" alt=\"\"><\/p>\n<h2>un meuble-sculpture<\/h2>\n<h2>en fr\u00eane et fr\u00eane br\u00fbl\u00e9<\/h2>\n<h2>Un meuble-sculpture en fintion fr\u00eane naturel et br\u00fbl\u00e9<\/h2>\n<p><img decoding=\"async\" src=\"\/wp-content\/uploads\/2025\/06\/270625ottomanaccueil.png\" alt=\"\"><\/p>\n<blockquote>\n<p>\u00ab Mon coup de foudre pour les cr\u00e9ations de Marc Held, personnalit\u00e9 inventive, visionnaire et sensible, peut enfin se concr\u00e9tiser. Son travail est en parfaite ad\u00e9quation avec notre \u00e9poque et s\u2019inscrit pleinement dans ma vision d\u2019excellence. \u00bb<\/p>\n<footer>\n<p>                <cite> Val\u00e9rie Gu\u00e9rin<\/cite><\/p>\n<\/footer>\n<\/blockquote>\n<p><!--more--><br \/>\n<!-- {\"type\":\"layout\",\"children\":[{\"type\":\"section\",\"props\":{\"image_position\":\"center-center\",\"padding\":\"large\",\"padding_remove_bottom\":false,\"padding_remove_top\":false,\"style\":\"muted\",\"title_breakpoint\":\"xl\",\"title_position\":\"top-left\",\"title_rotation\":\"left\",\"vertical_align\":\"\",\"width\":\"expand\"},\"children\":[{\"type\":\"row\",\"children\":[{\"type\":\"column\",\"props\":{\"image_position\":\"center-center\",\"position_sticky_breakpoint\":\"m\"},\"children\":[{\"type\":\"headline\",\"props\":{\"animation\":\"parallax\",\"block_align\":\"center\",\"content\":\"Design de collection\\u00a0<br \\\/><br \\\/>LE PETIT CULBUTO et<br \\\/>L'OTTOMAN CULBUTO<br \\\/>de Marc Held\",\"margin\":\"small\",\"parallax_target\":\"!.uk-section\",\"parallax_y\":\"0 35%,45vh 60%\",\"position\":\"relative\",\"position_z_index\":\"0\",\"text_align\":\"center\",\"title_color\":\"muted\",\"title_element\":\"div\",\"title_style\":\"heading-small\"}},{\"type\":\"button\",\"props\":{\"animation\":\"parallax\",\"grid_column_gap\":\"small\",\"grid_row_gap\":\"small\",\"margin\":\"medium\",\"parallax_target\":\"!.uk-section\",\"parallax_y\":\"0,0 35%,45vh 60%\",\"text_align\":\"center\"},\"children\":[{\"type\":\"button_item\",\"props\":{\"button_style\":\"link-muted\",\"content\":\"En savoir plus\",\"dialog_layout\":\"modal\",\"dialog_offcanvas_flip\":true,\"icon_align\":\"left\",\"link\":\"\\\/index.php\\\/pieces-uniques\\\/\"}}]}]}]}],\"name\":\"Project\"},{\"type\":\"section\",\"props\":{\"image_position\":\"center-center\",\"style\":\"default\",\"title_breakpoint\":\"xl\",\"title_position\":\"top-left\",\"title_rotation\":\"left\",\"vertical_align\":\"middle\",\"width\":\"default\"},\"children\":[{\"type\":\"row\",\"children\":[{\"type\":\"column\",\"props\":{\"image_position\":\"center-center\",\"position_sticky_breakpoint\":\"m\"},\"children\":[{\"type\":\"quotation\",\"props\":{\"author\":\"Val\\u00e9rie Gu\\u00e9rin - Galeriste\",\"content\":\"\"}}]}]}]},{\"type\":\"section\",\"props\":{\"css\":\"html, body {\\n  height: 100%;\\n  margin: 0;\\n}\\nbody > div:first-child {\\n  min-height: 100vh;\\n  display: flex;\\n  flex-direction: column;\\n}\\n#footer, footer {\\n  margin-top: auto;\\n}\",\"image_position\":\"center-center\",\"padding\":\"large\",\"padding_remove_bottom\":false,\"padding_remove_top\":true,\"style\":\"default\",\"title_breakpoint\":\"xl\",\"title_position\":\"top-left\",\"title_rotation\":\"left\",\"vertical_align\":\"\",\"width\":\"\"},\"children\":[{\"type\":\"row\",\"children\":[{\"type\":\"column\",\"props\":{\"image_position\":\"center-center\",\"position_sticky_breakpoint\":\"\"},\"children\":[{\"type\":\"image\",\"props\":{\"blend\":false,\"image\":\"wp-content\\\/uploads\\\/2025\\\/06\\\/270625culbutoaccueil.png\",\"image_svg_color\":\"emphasis\",\"image_viewport_height\":false,\"margin\":\"\"}},{\"type\":\"headline\",\"props\":{\"content\":\"un meuble-sculpture\",\"css\":\".el-element { white-space: nowrap; }\",\"parallax_breakpoint\":\"m\",\"parallax_x\":\"-15vw\",\"parallax_y\":\"0,0 30%,70vh\",\"position\":\"relative\",\"position_left\":\"10vw\",\"position_top\":\"5vh\",\"position_z_index\":\"0\",\"text_align\":\"center\",\"title_color\":\"secondary\",\"title_element\":\"h2\",\"title_style\":\"heading-small\",\"visibility\":\"m\"}},{\"type\":\"headline\",\"props\":{\"animation\":\"parallax\",\"content\":\"en fr\\u00eane et fr\\u00eane br\\u00fbl\\u00e9\",\"css\":\".el-element { white-space: nowrap; }\",\"margin\":\"remove-vertical\",\"maxwidth\":\"large\",\"parallax_breakpoint\":\"m\",\"parallax_x\":\"15vw\",\"parallax_y\":\"0,0 30%,70vh\",\"position\":\"relative\",\"position_right\":\"10vw\",\"position_top\":\"5vh\",\"position_z_index\":\"0\",\"text_align\":\"center\",\"title_color\":\"secondary\",\"title_element\":\"h2\",\"title_style\":\"heading-small\",\"visibility\":\"m\"}},{\"type\":\"headline\",\"props\":{\"block_align\":\"center\",\"content\":\"Un meuble-sculpture en fintion fr\\u00eane naturel et br\\u00fbl\\u00e9\",\"maxwidth\":\"xlarge\",\"parallax_start\":\"15%\",\"parallax_target\":\"!.tm-grid-expand\",\"parallax_y\":\"20vh\",\"text_align\":\"center\",\"title_color\":\"muted\",\"title_element\":\"h2\",\"title_style\":\"h1\",\"visibility\":\"hidden-m\"}},{\"type\":\"image\",\"props\":{\"image\":\"wp-content\\\/uploads\\\/2025\\\/06\\\/270625ottomanaccueil.png\",\"image_svg_color\":\"emphasis\",\"margin\":\"default\"}}]}],\"props\":{\"margin\":\"xlarge\"}},{\"type\":\"row\",\"children\":[{\"type\":\"column\",\"props\":{\"image_position\":\"center-center\",\"position_sticky_breakpoint\":\"\"},\"children\":[{\"type\":\"image\",\"props\":{\"blend\":false,\"block_align\":\"right\",\"image\":\"\",\"image_loading\":false,\"image_svg_color\":\"emphasis\",\"image_viewport_height\":false,\"image_width\":600,\"margin\":\"remove-vertical\",\"margin_remove_bottom\":false,\"margin_remove_top\":false,\"maxwidth\":\"xlarge\",\"position_left\":\"600\"}}]}],\"props\":{\"margin\":\"xlarge\"}}],\"name\":\"Apartments\"},{\"type\":\"section\",\"props\":{\"image_position\":\"center-center\",\"style\":\"default\",\"title_breakpoint\":\"xl\",\"title_position\":\"top-left\",\"title_rotation\":\"left\",\"vertical_align\":\"middle\",\"width\":\"default\"},\"children\":[{\"type\":\"row\",\"children\":[{\"type\":\"column\",\"props\":{\"image_position\":\"center-center\",\"position_sticky_breakpoint\":\"m\"},\"children\":[{\"type\":\"quotation\",\"props\":{\"author\":\" Val\\u00e9rie Gu\\u00e9rin\",\"content\":\"\n\n<p>\\u00ab Mon coup de foudre pour les cr\\u00e9ations de Marc Held, personnalit\\u00e9 inventive, visionnaire et sensible, peut enfin se concr\\u00e9tiser. Son travail est en parfaite ad\\u00e9quation avec notre \\u00e9poque et s\\u2019inscrit pleinement dans ma vision d\\u2019excellence. \\u00bb<\\\/p>\"}}]}]}]}],\"version\":\"4.5.20\"} --><\/p>\n","protected":false},"excerpt":{"rendered":"<p>Design de collection\u00a0 LE PETIT CULBUTO etL&rsquo;OTTOMAN CULBUTOde Marc Held En savoir plus un meuble-sculpture en fr\u00eane et fr\u00eane br\u00fbl\u00e9 Un meuble-sculpture en fintion fr\u00eane naturel et br\u00fbl\u00e9 \u00ab Mon coup de foudre pour les cr\u00e9ations de Marc Held, personnalit\u00e9 inventive, visionnaire et sensible, peut enfin se concr\u00e9tiser. Son travail est en parfaite ad\u00e9quation avec [&hellip;]<\/p>\n","protected":false},"author":1,"featured_media":0,"parent":0,"menu_order":0,"comment_status":"closed","ping_status":"open","template":"","meta":{"footnotes":""},"class_list":["post-2","page","type-page","status-publish","hentry"],"aioseo_notices":[],"_links":{"self":[{"href":"https:\/\/galeriepromitto.com\/index.php\/wp-json\/wp\/v2\/pages\/2","targetHints":{"allow":["GET"]}}],"collection":[{"href":"https:\/\/galeriepromitto.com\/index.php\/wp-json\/wp\/v2\/pages"}],"about":[{"href":"https:\/\/galeriepromitto.com\/index.php\/wp-json\/wp\/v2\/types\/page"}],"author":[{"embeddable":true,"href":"https:\/\/galeriepromitto.com\/index.php\/wp-json\/wp\/v2\/users\/1"}],"replies":[{"embeddable":true,"href":"https:\/\/galeriepromitto.com\/index.php\/wp-json\/wp\/v2\/comments?post=2"}],"version-history":[{"count":91,"href":"https:\/\/galeriepromitto.com\/index.php\/wp-json\/wp\/v2\/pages\/2\/revisions"}],"predecessor-version":[{"id":681,"href":"https:\/\/galeriepromitto.com\/index.php\/wp-json\/wp\/v2\/pages\/2\/revisions\/681"}],"wp:attachment":[{"href":"https:\/\/galeriepromitto.com\/index.php\/wp-json\/wp\/v2\/media?parent=2"}],"curies":[{"name":"wp","href":"https:\/\/api.w.org\/{rel}","templated":true}]}}